{"id":541,"date":"2025-10-13T09:43:03","date_gmt":"2025-10-13T07:43:03","guid":{"rendered":"https:\/\/etra.wearesim.dev\/?post_type=product&#038;p=541"},"modified":"2025-10-15T10:22:59","modified_gmt":"2025-10-15T08:22:59","slug":"lumina","status":"publish","type":"product","link":"https:\/\/www.etracaffe.com\/b2b\/prodotto\/lumina\/","title":{"rendered":"Lumina"},"content":{"rendered":"<p>LUMINA \u00e8 la macchina che d\u00e0 forma al tuo caff\u00e8 sostenibile.<br \/>\nIl suo design \u00e8 pensato per la longevit\u00e0 e l&#8217;efficienza energetica, ponendosi come stella fissa al centro del tuo rituale quotidiano.<\/p>\n","protected":false},"excerpt":{"rendered":"<p>LUMINA \u00e8 la macchina che d\u00e0 forma al tuo caff\u00e8 sostenibile. Il suo design \u00e8 pensato per la longevit\u00e0 e l&#8217;efficienza energetica, ponendosi come stella fissa al centro del tuo rituale quotidiano.<\/p>\n","protected":false},"featured_media":531,"comment_status":"open","ping_status":"closed","template":"","meta":{"_acf_changed":false},"product_brand":[],"product_cat":[16,19],"product_tag":[],"class_list":{"0":"post-541","1":"product","2":"type-product","3":"status-publish","4":"has-post-thumbnail","6":"product_cat-galileo-system","7":"product_cat-macchina-lumina","9":"first","10":"instock","11":"shipping-taxable","12":"purchasable","13":"product-type-variable"},"acf":[],"_links":{"self":[{"href":"https:\/\/www.etracaffe.com\/b2b\/wp-json\/wp\/v2\/product\/541","targetHints":{"allow":["GET"]}}],"collection":[{"href":"https:\/\/www.etracaffe.com\/b2b\/wp-json\/wp\/v2\/product"}],"about":[{"href":"https:\/\/www.etracaffe.com\/b2b\/wp-json\/wp\/v2\/types\/product"}],"replies":[{"embeddable":true,"href":"https:\/\/www.etracaffe.com\/b2b\/wp-json\/wp\/v2\/comments?post=541"}],"wp:featuredmedia":[{"embeddable":true,"href":"https:\/\/www.etracaffe.com\/b2b\/wp-json\/wp\/v2\/media\/531"}],"wp:attachment":[{"href":"https:\/\/www.etracaffe.com\/b2b\/wp-json\/wp\/v2\/media?parent=541"}],"wp:term":[{"taxonomy":"product_brand","embeddable":true,"href":"https:\/\/www.etracaffe.com\/b2b\/wp-json\/wp\/v2\/product_brand?post=541"},{"taxonomy":"product_cat","embeddable":true,"href":"https:\/\/www.etracaffe.com\/b2b\/wp-json\/wp\/v2\/product_cat?post=541"},{"taxonomy":"product_tag","embeddable":true,"href":"https:\/\/www.etracaffe.com\/b2b\/wp-json\/wp\/v2\/product_tag?post=541"}],"curies":[{"name":"wp","href":"https:\/\/api.w.org\/{rel}","templated":true}]}}